{"id":592,"date":"2019-03-07T10:07:50","date_gmt":"2019-03-07T08:07:50","guid":{"rendered":"http:\/\/hobby.spaco.cz\/?page_id=592"},"modified":"2019-03-07T10:31:57","modified_gmt":"2019-03-07T08:31:57","slug":"h2ac-horizon-grandprix","status":"publish","type":"page","link":"https:\/\/hobby.spaco.cz\/?page_id=592","title":{"rendered":"H2AC => Horizon GrandPrix"},"content":{"rendered":"\n<p> <br>Sd\u00edlen\u00fd disk sout\u011b\u017ee se v\u0161emi d\u016fle\u017eit\u00fdmi informacem: <a rel=\"noreferrer noopener\" aria-label=\" (otev\u0159e se na nov\u00e9 z\u00e1lo\u017ece)\" href=\"https:\/\/drive.google.com\/drive\/folders\/1cGIu6zLmqyHhFqDNuE0gDVMx0F_fzm45?usp=sharing\" target=\"_blank\">https:\/\/drive.google.com\/drive\/folders\/1cGIu6zLmqyHhFqDNuE0gDVMx0F_fzm45?usp=sharing<\/a> <\/p>\n\n\n\n<p>U\u017eite\u010dn\u00e9 webin\u00e1\u0159e:<br> Webinar 1 \u2013 Energy Box:\u00a0<a rel=\"noreferrer noopener\" aria-label=\" (otev\u0159e se na nov\u00e9 z\u00e1lo\u017ece)\" href=\"https:\/\/youtu.be\/9ciYZ4nsUa0?t=625\" target=\"_blank\">https:\/\/youtu.be\/9ciYZ4nsUa0?t=625<\/a> (do\u010dasn\u011b nedostupn\u00e9)<br> Webinar 2 \u2013 Hydrofill: <a rel=\"noreferrer noopener\" href=\"https:\/\/www.youtube.com\/watch?v=bJ9h72OLh3M\" target=\"_blank\">https:\/\/www.youtube.com\/watch?v=bJ9h72OLh3M<\/a> <br> Webinar 3 \u2013 Fuel cells: <a rel=\"noreferrer noopener\" href=\"https:\/\/www.youtube.com\/watch?v=0vAI_OtANmI\" target=\"_blank\">https:\/\/www.youtube.com\/watch?v=0vAI_OtANmI<\/a><br> Webinar 4 \u2013 Car tuning:\u00a0<a rel=\"noreferrer noopener\" href=\"https:\/\/www.youtube.com\/watch?v=eyBoMN2L8ME\" target=\"_blank\">https:\/\/www.youtube.com\/watch?v=eyBoMN2L8ME<\/a><br> Webinar 5 \u2013 Vacuum forming: <a rel=\"noreferrer noopener\" href=\"https:\/\/www.youtube.com\/watch?v=M53iGaMXJ1s\" target=\"_blank\">https:\/\/www.youtube.com\/watch?v=M53iGaMXJ1s<\/a><br> Webinar  6 \u2013\u00a0Race day:\u00a0<a href=\"https:\/\/youtu.be\/lzkKSdx63Lw?t=249\">https:\/\/youtu.be\/lzkKSdx63Lw?t=249<\/a><\/p>\n\n\n\n<p> <br><\/p>\n\n\n\n<figure class=\"wp-block-image\"><img decoding=\"async\" loading=\"lazy\" width=\"1024\" height=\"586\" src=\"http:\/\/hobby.spaco.cz\/wp-content\/uploads\/HGP_ostrava-1024x586.png\" alt=\"\" class=\"wp-image-600\" srcset=\"https:\/\/hobby.spaco.cz\/wp-content\/uploads\/HGP_ostrava-1024x586.png 1024w, https:\/\/hobby.spaco.cz\/wp-content\/uploads\/HGP_ostrava-300x172.png 300w, https:\/\/hobby.spaco.cz\/wp-content\/uploads\/HGP_ostrava-768x440.png 768w, https:\/\/hobby.spaco.cz\/wp-content\/uploads\/HGP_ostrava-500x286.png 500w, https:\/\/hobby.spaco.cz\/wp-content\/uploads\/HGP_ostrava.png 1532w\" sizes=\"(max-width: 1024px) 100vw, 1024px\" \/><figcaption>Aktu\u00e1ln\u00ed tra\u0165<\/figcaption><\/figure>\n","protected":false},"excerpt":{"rendered":"<p>Sd\u00edlen\u00fd disk sout\u011b\u017ee se v\u0161emi d\u016fle\u017eit\u00fdmi informacem: https:\/\/drive.google.com\/drive\/folders\/1cGIu6zLmqyHhFqDNuE0gDVMx0F_fzm45?usp=sharing U\u017eite\u010dn\u00e9 webin\u00e1\u0159e: Webinar 1 \u2013 Energy Box:\u00a0https:\/\/youtu.be\/9ciYZ4nsUa0?t=625 (do\u010dasn\u011b nedostupn\u00e9) Webinar 2 \u2013 Hydrofill: https:\/\/www.youtube.com\/watch?v=bJ9h72OLh3M Webinar 3 \u2013 Fuel cells: https:\/\/www.youtube.com\/watch?v=0vAI_OtANmI Webinar 4 \u2013 Car tuning:\u00a0https:\/\/www.youtube.com\/watch?v=eyBoMN2L8ME Webinar 5 \u2013 Vacuum forming: https:\/\/www.youtube.com\/watch?v=M53iGaMXJ1s Webinar &hellip; <a href=\"https:\/\/hobby.spaco.cz\/?page_id=592\">Cel\u00fd p\u0159\u00edsp\u011bvek <span class=\"meta-nav\">&rarr;<\/span><\/a><\/p>\n","protected":false},"author":2,"featured_media":0,"parent":0,"menu_order":0,"comment_status":"closed","ping_status":"closed","template":"","meta":{"ngg_post_thumbnail":0},"_links":{"self":[{"href":"https:\/\/hobby.spaco.cz\/index.php?rest_route=\/wp\/v2\/pages\/592"}],"collection":[{"href":"https:\/\/hobby.spaco.cz\/index.php?rest_route=\/wp\/v2\/pages"}],"about":[{"href":"https:\/\/hobby.spaco.cz\/index.php?rest_route=\/wp\/v2\/types\/page"}],"author":[{"embeddable":true,"href":"https:\/\/hobby.spaco.cz\/index.php?rest_route=\/wp\/v2\/users\/2"}],"replies":[{"embeddable":true,"href":"https:\/\/hobby.spaco.cz\/index.php?rest_route=%2Fwp%2Fv2%2Fcomments&post=592"}],"version-history":[{"count":6,"href":"https:\/\/hobby.spaco.cz\/index.php?rest_route=\/wp\/v2\/pages\/592\/revisions"}],"predecessor-version":[{"id":603,"href":"https:\/\/hobby.spaco.cz\/index.php?rest_route=\/wp\/v2\/pages\/592\/revisions\/603"}],"wp:attachment":[{"href":"https:\/\/hobby.spaco.cz\/index.php?rest_route=%2Fwp%2Fv2%2Fmedia&parent=592"}],"curies":[{"name":"wp","href":"https:\/\/api.w.org\/{rel}","templated":true}]}}