{"id":47,"date":"2013-10-21T12:18:53","date_gmt":"2013-10-21T10:18:53","guid":{"rendered":"http:\/\/hobby.spaco.cz\/?page_id=47"},"modified":"2019-05-23T11:23:16","modified_gmt":"2019-05-23T09:23:16","slug":"aktuality","status":"publish","type":"page","link":"https:\/\/hobby.spaco.cz\/","title":{"rendered":"Aktuality"},"content":{"rendered":"<h5><span style=\"color: #ff0000;\">23. 5. 2019<\/span><br>Vybran\u00ed \u010dlenov\u00e9 robotick\u00e9ho krou\u017eku vyraz\u00ed<br><span style=\"color: #ffff00;\">31. 5. &#8211; 2. 6. 2019<\/span> na Robotick\u00fd den MFF UK Praha<br>&#8211; sraz 14:15h vl. n\u00e1dr. Uni\u010dov &#8211; <a href=\"http:\/\/hobby.spaco.cz\/wp-content\/uploads\/Zvadlo-Robotick\u00fd-den.pdf\">Zvadlo + N\u00c1VRATKA<\/a><\/h5>\n\n\n<p><\/p>\n","protected":false},"excerpt":{"rendered":"<p>23. 5. 2019Vybran\u00ed \u010dlenov\u00e9 robotick\u00e9ho krou\u017eku vyraz\u00ed31. 5. &#8211; 2. 6. 2019 na Robotick\u00fd den MFF UK Praha&#8211; sraz 14:15h vl. n\u00e1dr. Uni\u010dov &#8211; Zvadlo + N\u00c1VRATKA<\/p>\n","protected":false},"author":2,"featured_media":0,"parent":0,"menu_order":0,"comment_status":"closed","ping_status":"closed","template":"","meta":{"ngg_post_thumbnail":0},"_links":{"self":[{"href":"https:\/\/hobby.spaco.cz\/index.php?rest_route=\/wp\/v2\/pages\/47"}],"collection":[{"href":"https:\/\/hobby.spaco.cz\/index.php?rest_route=\/wp\/v2\/pages"}],"about":[{"href":"https:\/\/hobby.spaco.cz\/index.php?rest_route=\/wp\/v2\/types\/page"}],"author":[{"embeddable":true,"href":"https:\/\/hobby.spaco.cz\/index.php?rest_route=\/wp\/v2\/users\/2"}],"replies":[{"embeddable":true,"href":"https:\/\/hobby.spaco.cz\/index.php?rest_route=%2Fwp%2Fv2%2Fcomments&post=47"}],"version-history":[{"count":103,"href":"https:\/\/hobby.spaco.cz\/index.php?rest_route=\/wp\/v2\/pages\/47\/revisions"}],"predecessor-version":[{"id":629,"href":"https:\/\/hobby.spaco.cz\/index.php?rest_route=\/wp\/v2\/pages\/47\/revisions\/629"}],"wp:attachment":[{"href":"https:\/\/hobby.spaco.cz\/index.php?rest_route=%2Fwp%2Fv2%2Fmedia&parent=47"}],"curies":[{"name":"wp","href":"https:\/\/api.w.org\/{rel}","templated":true}]}}