{"id":35,"date":"2013-09-25T23:26:31","date_gmt":"2013-09-25T21:26:31","guid":{"rendered":"http:\/\/hobby.spaco.cz\/?page_id=35"},"modified":"2015-10-08T16:27:33","modified_gmt":"2015-10-08T14:27:33","slug":"kontakt","status":"publish","type":"page","link":"https:\/\/hobby.spaco.cz\/?page_id=35","title":{"rendered":"Kontakt"},"content":{"rendered":"<p>Radim D\u011brda<br \/>\nradim.derda@seznam.cz<br \/>\nmob. 605 932 314<\/p>\n<p>SP\u0160 a SOU Uni\u010dov<br \/>\npracovi\u0161t\u011b: Moravsk\u00e9 n\u00e1m. 681<br \/>\nUni\u010dov<br \/>\n783 91<\/p>\n<p>&nbsp;<\/p>\n","protected":false},"excerpt":{"rendered":"<p>Radim D\u011brda radim.derda@seznam.cz mob. 605 932 314 SP\u0160 a SOU Uni\u010dov pracovi\u0161t\u011b: Moravsk\u00e9 n\u00e1m. 681 Uni\u010dov 783 91 &nbsp;<\/p>\n","protected":false},"author":2,"featured_media":0,"parent":0,"menu_order":0,"comment_status":"closed","ping_status":"closed","template":"","meta":{"ngg_post_thumbnail":0},"_links":{"self":[{"href":"https:\/\/hobby.spaco.cz\/index.php?rest_route=\/wp\/v2\/pages\/35"}],"collection":[{"href":"https:\/\/hobby.spaco.cz\/index.php?rest_route=\/wp\/v2\/pages"}],"about":[{"href":"https:\/\/hobby.spaco.cz\/index.php?rest_route=\/wp\/v2\/types\/page"}],"author":[{"embeddable":true,"href":"https:\/\/hobby.spaco.cz\/index.php?rest_route=\/wp\/v2\/users\/2"}],"replies":[{"embeddable":true,"href":"https:\/\/hobby.spaco.cz\/index.php?rest_route=%2Fwp%2Fv2%2Fcomments&post=35"}],"version-history":[{"count":2,"href":"https:\/\/hobby.spaco.cz\/index.php?rest_route=\/wp\/v2\/pages\/35\/revisions"}],"predecessor-version":[{"id":78,"href":"https:\/\/hobby.spaco.cz\/index.php?rest_route=\/wp\/v2\/pages\/35\/revisions\/78"}],"wp:attachment":[{"href":"https:\/\/hobby.spaco.cz\/index.php?rest_route=%2Fwp%2Fv2%2Fmedia&parent=35"}],"curies":[{"name":"wp","href":"https:\/\/api.w.org\/{rel}","templated":true}]}}